110?
-1110011111000110
In base 6, what is -5 - -321431?
321422
In base 13, what is 195 + -105?
90
In base 9, what is 2 + 71758?
71761
In base 10, what is 156 - -5227?
5383
In base 11, what is -4 + 597?
593
In base 15, what is -d3 - 29?
-10c
In base 11, what is 97689 - 10?
97679
In base 2, what is 10 - 1111110001110?
-1111110001100
In base 14, what is -352a + -aa?
-35d6
In base 14, what is -4 + -cac?
-cb2
In base 14, what is 8 + b0?
b8
In base 9, what is -1 - 110285?
-110286
In base 12, what is -15 + -9857?
-9870
In base 14, what is 4 + -216c3?
-216bd
In base 13, what is -97a - -3a0?
-5aa
In base 13, what is 15a - 5766?
-5609
In base 13, what is -15 + -1130?
-1145
In base 13, what is -5 - 11cb4?
-11cb9
In base 14, what is 21aaa9 + -2?
21aaa7
In base 15, what is 5beba - 4?
5beb6
In base 14, what is -7 + -585b3?
-585ba
In base 12, what is 31 + 382?
3b3
In base 12, what is 12805 + 2?
12807
In base 3, what is 22210200000 - -10?
22210200010
In base 6, what is 120013 - -10?
120023
In base 12, what is -372 - -157?
-217
In base 9, what is -82136 + -2?
-82138
In base 4, what is 11 + -12120031?
-12120020
In base 7, what is 10440254 - -3?
10440260
In base 15, what is d8eea6 + 0?
d8eea6
In base 6, what is 20224 + -244?
15540
In base 11, what is -39 + 432?
3a4
In base 3, what is -2001020102200 - 11?
-2001020102211
In base 7, what is -1050 + 260?
-460
In base 7, what is -2250442 - 4?
-2250446
In base 7, what is -21 + 1151264?
1151243
In base 12, what is -984a1 - -4?
-98499
In base 6, what is -5 - -5431?
5422
In base 13, what is 0 + 111454?
111454
In base 14, what is -353 - -ad9?
786
In base 13, what is 2 + -2098?
-2096
In base 13, what is -376 - 15?
-38b
In base 7, what is 44 + 53322?
53366
In base 14, what is -3d97b + -2?
-3d97d
In base 8, what is 10674 + 101?
10775
In base 6, what is -2 - 4033040?
-4033042
In base 14, what is -5 + -3a2?
-3a7
In base 5, what is -1231140 + 10?
-1231130
In base 6, what is 230 + -122?
104
In base 9, what is 4734 - -110?
4844
In base 12, what is -174b28b + 0?
-174b28b
In base 9, what is -15 + 13252?
13236
In base 14, what is 3 + -20712?
-2070d
In base 14, what is -739 - -3a?
-6dd
In base 11, what is -3813 - -1a0?
-3623
In base 15, what is -3 + -1e2d18?
-1e2d1b
In base 8, what is -622 + 72?
-530
In base 14, what is -4 - -31477c?
314778
In base 9, what is -3 - -1740703?
1740700
In base 15, what is c - -37b?
388
In base 12, what is 96275 - -2?
96277
In base 14, what is 1967 + -c6?
1881
In base 3, what is -2220 - 120121?
-200111
In base 9, what is 11 - -4837?
4848
In base 9, what is 3604 + -3?
3601
In base 11, what is 638987 + -2?
638985
In base 8, what is -13 - -43026?
43013
In base 5, what is 444 - 21?
423
In base 7, what is -4 + -526246?
-526253
In base 16, what is 0 - -11f5?
11f5
In base 13, what is 1 + 24a4?
24a5
In base 11, what is 1147 + 41?
1188
In base 15, what is -1198 + 8?
-1190
In base 2, what is -1001110101011010011 + 110?
-1001110101011001101
In base 11, what is -1347173 - -1?
-1347172
In base 13, what is 8616a - 5?
86165
In base 7, what is 50256 - -155?
50444
In base 15, what is -43 + -328?
-36b
In base 2, what is 1011110110 - 111110?
1010111000
In base 5, what is 143 - -103300?
103443
In base 8, what is -4 + -24142?
-24146
In base 10, what is -1119910 + 2?
-1119908
In base 11, what is -305 - 290?
-595
In base 10, what is -2 + -414755?
-414757
In base 5, what is 3 + -4030131?
-4030123
In base 15, what is 2d022 + 18?
2d03a
In base 15, what is -4 + -23bc3?
-23bc7
In base 5, what is 34313013 + 1?
34313014
In base 2, what is -101101010 - 10111101?
-1000100111
In base 2, what is 11 + 11010111001111?
11010111010010
In base 8, what is -573577 + 16?
-573561
In base 10, what is -53 + -551?
-604
In base 15, what is 34e + 1?
350
In base 11, what is 22353 - 25?
22329
In base 12, what is -5706 - 2?
-5708
In base 10, what is -5 + -8942?
-8947
In base 12, what is 3 - -7481?
7484
In base 15, what is -2 + 30c8?
30c6
In base 15, what is 80 + -a7?
-27
In base 9, what is 1817 + 433?
2351
In base 6, what is 235 + -15145?
-14510
In base 6, what is 3 + 1015401?
1015404
In base 14, what is -226d + -4?
-2273
In base 16, what is -2b2 + 71e?
46c
In base 9, what is 1011021 + -2?
1011018
In base 14, what is 34c - 24?
328
In base 8, what is 243 + -52?
171
In base 4, what is -23 - -22303?
22220
In base 11, what is -4 - -631402?
6313a9
In base 3, what is 1112120021 + 21?
1112120112
In base 15, what is 3 - 11d66?
-11d63
In base 5, what is 13 - 123043?
-123030
In base 15, what is -13 - -19dd3?
19dc0
In base 11, what is -2a + 449?
41a
In base 10, what is -11574 - -15?
-11559
In base 6, what is 55 + -4204?
-4105
In base 7, what is 0 + -1422602?
-1422602
In base 6, what is 4504205 + 0?
4504205
In base 11, what is 41 + -9a81a?
-9a789
In base 5, what is -322401 - -3131?
-314220
In base 6, what is -20522511 - -5?
-20522502
In base 7, what is -4030 + -2522?
-6552
In base 14, what is -2 + 7b5d?
7b5b
In base 5, what is 430 + -23331?
-22401
In base 12, what is 90 + -2b?
61
In base 8, what is 215356 - 5?
215351
In base 5, what is -2 - -13144440?
13144433
In base 8, what is 77623 + -2?
77621
In base 6, what is -15321032 - 3?
-15321035
In base 13, what is 2 - 37191?
-3718c
In base 15, what is d6b + -39?
d32
In base 10, what is -10239 - -15?
-10224
In base 12, what is -7029 + 88?
-6b61
In base 8, what is 152 - 7?
143
In base 11, what is 394 + -3063?
-277a
In base 11, what is 6501 - 25?
6487
In base 14, what is -1d46 - 18?
-1d60
In base 14, what is -937 - 26?
-95d
In base 11, what is -2495a3 - 2?
-2495a5
In base 7, what is 201156 - -124?
201313
In base 6, what is -25 - -50015?
45550
In base 12, what is -43640 + 6?
-43636
In base 9, what is -5 - 131251?
-131256
In base 14, what is 1a15a2 + 5?
1a15a7
In base 6, what is 212 + -132?
40
In base 5, what is 20 + -12404313?
-12404243
In base 4, what is 3311 + -3112133?
-3102222
In base 15, what is 1a + 155?
170
In base 15, what is 57 - -7181?
71d8
In base 2, what is 10111110011000 + 10?
10111110011010
In base 16, what is 1db - 5c?
17f
In base 16, what is 2 - -4b10?
4b12
In base 3, what is -11 + -222011022?
-222011110
In base 4, what is -103 + -13221?
-13330
In base 11, what is 153529 - 3?
153526
In base 4, what is -2 - -1121230211?
1121230203
In base 5, what is 2032 + -220?
1312
In base 10, what is 1411 + 7?
1418
In base 13, what is 21 + -c82?
-c61
In base 12, what is 25150a - -3?
251511
In base 6, what is 1252 - -532?
2224
In base 7, what is 13 + 4316?
4332
In base 8, what is 5 - 400426?
-400421
In base 2, what is -100000011111 - -10011?
-100000001100
In base 2, what is -1000111010 - 10000?
-1001001010
In base 15, what is a8a51 + 3?
a8a54
In base 16, what is 27 - 7f?
-58
In base 8, what is 10400671 - 1?
10400670
In base 16, what is 3 - d2a?
-d27
In base 3, what is 211101220202 + -2?
211101220200
In base 6, what is -2321 + 1135?
-1142
In base 9, what is 48 + -5566?
-5517
In base 14, what is 171 - -35d2?
3763
In base 9, what is -2 - -4822?
4820
In base 4, what is -2100033 - 3?
-2100102
In base 16, what is -2 + -20089?
-2008b
In base 7, what is 10230 + -4?
10223
In base 13, what is -4 + 19b62?
19b5b
In base 15, what is 31 + -3e78?
-3e47
In base 14, what is 29c28 - 4?
29c24
In base 13, what is 166 + 1a75?
1c0b
In base 8, what is 46450 - -21?
46471
In base 4, what is 1132 - -1321?
3113
In base 4, what is 1232031 + -10311?
1221120
In base 10, what is 365476 + 5?
365481
In base 16, what is -21 + bff?
bde
In base 5, what is 1323 + -230?
1043
In base 14, what is ca - -46a?
556
In base 14, what is -1308 + 68?
-1280
In base 8, what is -130165 + -1?
-130166
In base 13, what is -85909a - 0?
-85909a
In base 4, what is 2221223 - -3?
2221232
In base 11, what is -376 + -5?
-380
In base 8, what is 13 - 136370?
-136355
In base 11, what is -91 + 2347?
2266
In base 9, what is 356 + -717?
-351
In base 10, what is 495410 - -1?
495411
In base 13, what is -1010b - -5?
-10106
In base 6, what is 2240 - -3510?
10150
In base 15, what is 4 + -348e3?
-348de
In base 16, what is 52c + 84?
5b0
In base 13, what is 409 + -5?
404
In base 10, what is -849 - 35?
-884
In base 16, what is -1a3 + 2dfc?
2c59
In base 16, what is 192abf + -4?
192abb
In base 5, what is 4 + -222143?
-222134
In base 9, what is -1 - 427865?
-427866
In base 9, what is 21 - -22165?
2